{"id":7480,"date":"2024-09-29T15:49:39","date_gmt":"2024-09-29T13:49:39","guid":{"rendered":"https:\/\/wwwww.blumi.photo\/?post_type=product&#038;p=7480"},"modified":"2024-09-29T15:50:36","modified_gmt":"2024-09-29T13:50:36","slug":"nastenne-fotokalendare","status":"publish","type":"product","link":"https:\/\/fotino.cz\/sk\/produkt\/nastenne-fotokalendare\/","title":{"rendered":"N\u00e1stenn\u00e9 fotokalend\u00e1re"},"content":{"rendered":"<p><span style=\"font-weight: 400;\">N\u00e1stenn\u00e9 kalend\u00e1re<\/span><\/p>\n<p><span style=\"font-weight: 400;\">Vyberte si z mno\u017estva pripraven\u00fdch designov, ktor\u00e9 si m\u00f4\u017eete upravi\u0165, alebo si vytvorte vlastn\u00fd design.<\/span><\/p>\n<p><span style=\"font-weight: 400;\">Ka\u017ed\u00fd dizajn m\u00e1 tematick\u00e9 cliparty a pozadia. Vyberte si ten, ktor\u00fd v\u00e1m najviac vyhovuje.<\/span><\/p>\n<p>&nbsp;<\/p>\n<p><span style=\"font-weight: 400;\">Dizajn kalend\u00e1ra jednoducho a r\u00fdchlo<\/span><\/p>\n<p><span style=\"font-weight: 400;\">Prisp\u00f4sobte si rozlo\u017eenie fotografi\u00ed v kalend\u00e1ri jedin\u00fdm kliknut\u00edm.<\/span><\/p>\n<p><span style=\"font-weight: 400;\">Pridajte si neobmedzen\u00e9 mno\u017estvo fotiek do svojho kalend\u00e1ra.<\/span><\/p>\n<p><span style=\"font-weight: 400;\">Pou\u017eite funkciu rozlo\u017eenia a vyberte si z mnoh\u00fdch designov\u00fdch vari\u00e1ci\u00ed po\u010dtu fotografi\u00ed, ktor\u00e9 sa maj\u00fa umiestni\u0165 na str\u00e1nku kalend\u00e1ra.<\/span><\/p>\n<p>&nbsp;<\/p>\n<p><span style=\"font-weight: 400;\">Ozna\u010dte si d\u00f4le\u017eit\u00e9 d\u00e1tumy<\/span><\/p>\n<p><span style=\"font-weight: 400;\">Ozna\u010dte si v kalend\u00e1ri narodeniny, sviatok, v\u00fdro\u010die v rodine, v\u00fdro\u010die svadby a in\u00e9 d\u00f4le\u017eit\u00e9 d\u00e1tumy, ktor\u00e9 si m\u00f4\u017eete ulo\u017ei\u0165 a pou\u017ei\u0165 ich vo va\u0161om kalend\u00e1ri ka\u017ed\u00fd rok.<\/span><\/p>\n<p>&nbsp;<\/p>\n<p><span style=\"font-weight: 400;\">Za\u010diatok kalend\u00e1ra pod\u013ea V\u00e1s<\/span><\/p>\n<p><span style=\"font-weight: 400;\">V\u00e1\u0161 kalend\u00e1r nemus\u00ed za\u010d\u00edna\u0165 1. janu\u00e1ra.<\/span><\/p>\n<p><span style=\"font-weight: 400;\">M\u00f4\u017eete si vytvori\u0165 kalend\u00e1r pre \u0161kolsk\u00fd rok alebo napr\u00edklad pod\u013ea ryb\u00e1rskej sez\u00f3ny. Je to na v\u00e1s, ktor\u00fdm mesiacom v\u00e1\u0161 kalend\u00e1r za\u010dne.<\/span><\/p>\n","protected":false},"excerpt":{"rendered":"<p><strong>Po\u010det fotiek:<\/strong> min. 13 a\u017e neobmedzene<br \/>\n<strong>\u010cas vytvorenia:<\/strong> cca 15 min\u00fat<br \/>\n<strong>Za\u010diatok<\/strong> kalend\u00e1ra v ktoromko\u013evek mesiaci<br \/>\n<strong>Rozmery:<\/strong> \u00a0mesa\u010dn\u00fd A3 na v\u00fd\u0161ku 32x45cm, mesa\u010dn\u00fd\u00a0 A3 na \u0161\u00edrku 32x45cm<br \/>\nTla\u010d na kvalitn\u00fd leskl\u00fd 170g papier.<br \/>\nBiela hrebe\u0148ov\u00e1 v\u00e4zba s h\u00e1\u010dikom na zavesenie.<br \/>\n<strong>Dodacia doba:<\/strong> do 7 pracovn\u00fdch dn\u00ed + 1-2 dni doru\u010denie<\/p>\n","protected":false},"featured_media":0,"comment_status":"open","ping_status":"closed","template":"","meta":{"_et_pb_use_builder":"","_et_pb_old_content":"","_et_gb_content_width":""},"product_brand":[],"product_cat":[166],"product_tag":[],"class_list":{"0":"post-7480","1":"product","2":"type-product","3":"status-publish","5":"product_cat-fotokalendare","7":"first","8":"outofstock","9":"sale","10":"shipping-taxable","11":"purchasable","12":"product-type-variable"},"yoast_head":"<!-- This site is optimized with the Yoast SEO plugin v27.2 - https:\/\/yoast.com\/product\/yoast-seo-wordpress\/ -->\n<title>N\u00e1stenn\u00e9 fotokalend\u00e1re - Fotino<\/title>\n<meta name=\"robots\" content=\"index, follow, max-snippet:-1, max-image-preview:large, max-video-preview:-1\" \/>\n<link rel=\"canonical\" href=\"https:\/\/fotino.cz\/sk\/produkt\/nastenne-fotokalendare\/\" \/>\n<meta property=\"og:locale\" content=\"sk_SK\" \/>\n<meta property=\"og:type\" content=\"article\" \/>\n<meta property=\"og:title\" content=\"N\u00e1stenn\u00e9 fotokalend\u00e1re - Fotino\" \/>\n<meta property=\"og:description\" content=\"Po\u010det fotiek: min. 13 a\u017e neobmedzene \u010cas vytvorenia: cca 15 min\u00fat Za\u010diatok kalend\u00e1ra v ktoromko\u013evek mesiaci Rozmery: \u00a0mesa\u010dn\u00fd A3 na v\u00fd\u0161ku 32x45cm, mesa\u010dn\u00fd\u00a0 A3 na \u0161\u00edrku 32x45cm Tla\u010d na kvalitn\u00fd leskl\u00fd 170g papier. Biela hrebe\u0148ov\u00e1 v\u00e4zba s h\u00e1\u010dikom na zavesenie. Dodacia doba: do 7 pracovn\u00fdch dn\u00ed + 1-2 dni doru\u010denie\" \/>\n<meta property=\"og:url\" content=\"https:\/\/fotino.cz\/sk\/produkt\/nastenne-fotokalendare\/\" \/>\n<meta property=\"og:site_name\" content=\"Fotino\" \/>\n<meta property=\"article:modified_time\" content=\"2024-09-29T13:50:36+00:00\" \/>\n<meta name=\"twitter:card\" content=\"summary_large_image\" \/>\n<meta name=\"twitter:label1\" content=\"Availability\" \/>\n\t<meta name=\"twitter:data1\" content=\"Out of stock\" \/>\n<script type=\"application\/ld+json\" class=\"yoast-schema-graph\">{\"@context\":\"https:\/\/schema.org\",\"@graph\":[{\"@type\":\"WebPage\",\"@id\":\"https:\/\/fotino.cz\/sk\/produkt\/nastenne-fotokalendare\/\",\"url\":\"https:\/\/fotino.cz\/sk\/produkt\/nastenne-fotokalendare\/\",\"name\":\"N\u00e1stenn\u00e9 fotokalend\u00e1re - Fotino\",\"isPartOf\":{\"@id\":\"https:\/\/fotino.cz\/sk\/#website\"},\"datePublished\":\"2024-09-29T13:49:39+00:00\",\"dateModified\":\"2024-09-29T13:50:36+00:00\",\"breadcrumb\":{\"@id\":\"https:\/\/fotino.cz\/sk\/produkt\/nastenne-fotokalendare\/#breadcrumb\"},\"inLanguage\":\"sk-SK\",\"potentialAction\":[{\"@type\":\"ReadAction\",\"target\":[\"https:\/\/fotino.cz\/sk\/produkt\/nastenne-fotokalendare\/\"]}]},{\"@type\":\"BreadcrumbList\",\"@id\":\"https:\/\/fotino.cz\/sk\/produkt\/nastenne-fotokalendare\/#breadcrumb\",\"itemListElement\":[{\"@type\":\"ListItem\",\"position\":1,\"name\":\"Home\",\"item\":\"https:\/\/fotino.cz\/sk\/\"},{\"@type\":\"ListItem\",\"position\":2,\"name\":\"Shop\",\"item\":\"https:\/\/fotino.cz\/sk\/obchod\/\"},{\"@type\":\"ListItem\",\"position\":3,\"name\":\"N\u00e1stenn\u00e9 fotokalend\u00e1re\"}]},{\"@type\":\"WebSite\",\"@id\":\"https:\/\/fotino.cz\/sk\/#website\",\"url\":\"https:\/\/fotino.cz\/sk\/\",\"name\":\"Fotino\",\"description\":\"Fotoknihy - Fotoobrazy - Fotokalend\u00e1\u0159e\",\"publisher\":{\"@id\":\"https:\/\/fotino.cz\/sk\/#organization\"},\"potentialAction\":[{\"@type\":\"SearchAction\",\"target\":{\"@type\":\"EntryPoint\",\"urlTemplate\":\"https:\/\/fotino.cz\/sk\/?s={search_term_string}\"},\"query-input\":{\"@type\":\"PropertyValueSpecification\",\"valueRequired\":true,\"valueName\":\"search_term_string\"}}],\"inLanguage\":\"sk-SK\"},{\"@type\":\"Organization\",\"@id\":\"https:\/\/fotino.cz\/sk\/#organization\",\"name\":\"Fotino\",\"url\":\"https:\/\/fotino.cz\/sk\/\",\"logo\":{\"@type\":\"ImageObject\",\"inLanguage\":\"sk-SK\",\"@id\":\"https:\/\/fotino.cz\/sk\/#\/schema\/logo\/image\/\",\"url\":\"https:\/\/fotino.cz\/wp-content\/uploads\/2023\/09\/Logo-Fotino.webp\",\"contentUrl\":\"https:\/\/fotino.cz\/wp-content\/uploads\/2023\/09\/Logo-Fotino.webp\",\"width\":591,\"height\":236,\"caption\":\"Fotino\"},\"image\":{\"@id\":\"https:\/\/fotino.cz\/sk\/#\/schema\/logo\/image\/\"}}]}<\/script>\n<meta property=\"og:availability\" content=\"out of stock\" \/>\n<meta property=\"product:availability\" content=\"out of stock\" \/>\n<meta property=\"product:condition\" content=\"new\" \/>\n<!-- \/ Yoast SEO plugin. -->","yoast_head_json":{"title":"N\u00e1stenn\u00e9 fotokalend\u00e1re - Fotino","robots":{"index":"index","follow":"follow","max-snippet":"max-snippet:-1","max-image-preview":"max-image-preview:large","max-video-preview":"max-video-preview:-1"},"canonical":"https:\/\/fotino.cz\/sk\/produkt\/nastenne-fotokalendare\/","og_locale":"sk_SK","og_type":"article","og_title":"N\u00e1stenn\u00e9 fotokalend\u00e1re - Fotino","og_description":"Po\u010det fotiek: min. 13 a\u017e neobmedzene \u010cas vytvorenia: cca 15 min\u00fat Za\u010diatok kalend\u00e1ra v ktoromko\u013evek mesiaci Rozmery: \u00a0mesa\u010dn\u00fd A3 na v\u00fd\u0161ku 32x45cm, mesa\u010dn\u00fd\u00a0 A3 na \u0161\u00edrku 32x45cm Tla\u010d na kvalitn\u00fd leskl\u00fd 170g papier. Biela hrebe\u0148ov\u00e1 v\u00e4zba s h\u00e1\u010dikom na zavesenie. Dodacia doba: do 7 pracovn\u00fdch dn\u00ed + 1-2 dni doru\u010denie","og_url":"https:\/\/fotino.cz\/sk\/produkt\/nastenne-fotokalendare\/","og_site_name":"Fotino","article_modified_time":"2024-09-29T13:50:36+00:00","twitter_card":"summary_large_image","twitter_misc":{"Availability":"Out of stock"},"schema":{"@context":"https:\/\/schema.org","@graph":[{"@type":"WebPage","@id":"https:\/\/fotino.cz\/sk\/produkt\/nastenne-fotokalendare\/","url":"https:\/\/fotino.cz\/sk\/produkt\/nastenne-fotokalendare\/","name":"N\u00e1stenn\u00e9 fotokalend\u00e1re - Fotino","isPartOf":{"@id":"https:\/\/fotino.cz\/sk\/#website"},"datePublished":"2024-09-29T13:49:39+00:00","dateModified":"2024-09-29T13:50:36+00:00","breadcrumb":{"@id":"https:\/\/fotino.cz\/sk\/produkt\/nastenne-fotokalendare\/#breadcrumb"},"inLanguage":"sk-SK","potentialAction":[{"@type":"ReadAction","target":["https:\/\/fotino.cz\/sk\/produkt\/nastenne-fotokalendare\/"]}]},{"@type":"BreadcrumbList","@id":"https:\/\/fotino.cz\/sk\/produkt\/nastenne-fotokalendare\/#breadcrumb","itemListElement":[{"@type":"ListItem","position":1,"name":"Home","item":"https:\/\/fotino.cz\/sk\/"},{"@type":"ListItem","position":2,"name":"Shop","item":"https:\/\/fotino.cz\/sk\/obchod\/"},{"@type":"ListItem","position":3,"name":"N\u00e1stenn\u00e9 fotokalend\u00e1re"}]},{"@type":"WebSite","@id":"https:\/\/fotino.cz\/sk\/#website","url":"https:\/\/fotino.cz\/sk\/","name":"Fotino","description":"Fotoknihy - Fotoobrazy - Fotokalend\u00e1\u0159e","publisher":{"@id":"https:\/\/fotino.cz\/sk\/#organization"},"potentialAction":[{"@type":"SearchAction","target":{"@type":"EntryPoint","urlTemplate":"https:\/\/fotino.cz\/sk\/?s={search_term_string}"},"query-input":{"@type":"PropertyValueSpecification","valueRequired":true,"valueName":"search_term_string"}}],"inLanguage":"sk-SK"},{"@type":"Organization","@id":"https:\/\/fotino.cz\/sk\/#organization","name":"Fotino","url":"https:\/\/fotino.cz\/sk\/","logo":{"@type":"ImageObject","inLanguage":"sk-SK","@id":"https:\/\/fotino.cz\/sk\/#\/schema\/logo\/image\/","url":"https:\/\/fotino.cz\/wp-content\/uploads\/2023\/09\/Logo-Fotino.webp","contentUrl":"https:\/\/fotino.cz\/wp-content\/uploads\/2023\/09\/Logo-Fotino.webp","width":591,"height":236,"caption":"Fotino"},"image":{"@id":"https:\/\/fotino.cz\/sk\/#\/schema\/logo\/image\/"}}]},"og_availability":"out of stock","product_availability":"out of stock","product_condition":"new"},"_links":{"self":[{"href":"https:\/\/fotino.cz\/sk\/wp-json\/wp\/v2\/product\/7480","targetHints":{"allow":["GET"]}}],"collection":[{"href":"https:\/\/fotino.cz\/sk\/wp-json\/wp\/v2\/product"}],"about":[{"href":"https:\/\/fotino.cz\/sk\/wp-json\/wp\/v2\/types\/product"}],"replies":[{"embeddable":true,"href":"https:\/\/fotino.cz\/sk\/wp-json\/wp\/v2\/comments?post=7480"}],"wp:attachment":[{"href":"https:\/\/fotino.cz\/sk\/wp-json\/wp\/v2\/media?parent=7480"}],"wp:term":[{"taxonomy":"product_brand","embeddable":true,"href":"https:\/\/fotino.cz\/sk\/wp-json\/wp\/v2\/product_brand?post=7480"},{"taxonomy":"product_cat","embeddable":true,"href":"https:\/\/fotino.cz\/sk\/wp-json\/wp\/v2\/product_cat?post=7480"},{"taxonomy":"product_tag","embeddable":true,"href":"https:\/\/fotino.cz\/sk\/wp-json\/wp\/v2\/product_tag?post=7480"}],"curies":[{"name":"wp","href":"https:\/\/api.w.org\/{rel}","templated":true}]}}

Nástenné fotokalendáre

<p><span style="font-weight: 400;">Nástenné kalendáre</span></p>
<p><span style="font-weight: 400;">Vyberte si z množstva pripravených designov, ktoré si môžete upraviť, alebo si vytvorte vlastný design.</span></p>
<p><span style="font-weight: 400;">Každý dizajn má tematické cliparty a pozadia. Vyberte si ten, ktorý vám najviac vyhovuje.</span></p>
<p>&nbsp;</p>
<p><span style="font-weight: 400;">Dizajn kalendára jednoducho a rýchlo</span></p>
<p><span style="font-weight: 400;">Prispôsobte si rozloženie fotografií v kalendári jediným kliknutím.</span></p>
<p><span style="font-weight: 400;">Pridajte si neobmedzené množstvo fotiek do svojho kalendára.</span></p>
<p><span style="font-weight: 400;">Použite funkciu rozloženia a vyberte si z mnohých designových variácií počtu fotografií, ktoré sa majú umiestniť na stránku kalendára.</span></p>
<p>&nbsp;</p>
<p><span style="font-weight: 400;">Označte si dôležité dátumy</span></p>
<p><span style="font-weight: 400;">Označte si v kalendári narodeniny, sviatok, výročie v rodine, výročie svadby a iné dôležité dátumy, ktoré si môžete uložiť a použiť ich vo vašom kalendári každý rok.</span></p>
<p>&nbsp;</p>
<p><span style="font-weight: 400;">Začiatok kalendára podľa Vás</span></p>
<p><span style="font-weight: 400;">Váš kalendár nemusí začínať 1. januára.</span></p>
<p><span style="font-weight: 400;">Môžete si vytvoriť kalendár pre školský rok alebo napríklad podľa rybárskej sezóny. Je to na vás, ktorým mesiacom váš kalendár začne.</span></p>

<p><strong>Počet fotiek:</strong> min. 13 až neobmedzene<br />
<strong>Čas vytvorenia:</strong> cca 15 minút<br />
<strong>Začiatok</strong> kalendára v ktoromkoľvek mesiaci<br />
<strong>Rozmery:</strong>  mesačný A3 na výšku 32x45cm, mesačný  A3 na šírku 32x45cm<br />
Tlač na kvalitný lesklý 170g papier.<br />
Biela hrebeňová väzba s háčikom na zavesenie.<br />
<strong>Dodacia doba:</strong> do 7 pracovných dní + 1-2 dni doručenie</p>

<!-- This site is optimized with the Yoast SEO plugin v27.2 - https://yoast.com/product/yoast-seo-wordpress/ -->
<title>Nástenné fotokalendáre - Fotino</title>
<meta name="robots" content="index, follow, max-snippet:-1, max-image-preview:large, max-video-preview:-1" />
<link rel="canonical" href="https://fotino.cz/sk/produkt/nastenne-fotokalendare/" />
<meta property="og:locale" content="sk_SK" />
<meta property="og:type" content="article" />
<meta property="og:title" content="Nástenné fotokalendáre - Fotino" />
<meta property="og:description" content="Počet fotiek: min. 13 až neobmedzene Čas vytvorenia: cca 15 minút Začiatok kalendára v ktoromkoľvek mesiaci Rozmery:  mesačný A3 na výšku 32x45cm, mesačný  A3 na šírku 32x45cm Tlač na kvalitný lesklý 170g papier. Biela hrebeňová väzba s háčikom na zavesenie. Dodacia doba: do 7 pracovných dní + 1-2 dni doručenie" />
<meta property="og:url" content="https://fotino.cz/sk/produkt/nastenne-fotokalendare/" />
<meta property="og:site_name" content="Fotino" />
<meta property="article:modified_time" content="2024-09-29T13:50:36+00:00" />
<meta name="twitter:card" content="summary_large_image" />
<meta name="twitter:label1" content="Availability" />
	<meta name="twitter:data1" content="Out of stock" />
<script type="application/ld+json" class="yoast-schema-graph">{"@context":"https://schema.org","@graph":[{"@type":"WebPage","@id":"https://fotino.cz/sk/produkt/nastenne-fotokalendare/","url":"https://fotino.cz/sk/produkt/nastenne-fotokalendare/","name":"Nástenné fotokalendáre - Fotino","isPartOf":{"@id":"https://fotino.cz/sk/#website"},"datePublished":"2024-09-29T13:49:39+00:00","dateModified":"2024-09-29T13:50:36+00:00","breadcrumb":{"@id":"https://fotino.cz/sk/produkt/nastenne-fotokalendare/#breadcrumb"},"inLanguage":"sk-SK","potentialAction":[{"@type":"ReadAction","target":["https://fotino.cz/sk/produkt/nastenne-fotokalendare/"]}]},{"@type":"BreadcrumbList","@id":"https://fotino.cz/sk/produkt/nastenne-fotokalendare/#breadcrumb","itemListElement":[{"@type":"ListItem","position":1,"name":"Home","item":"https://fotino.cz/sk/"},{"@type":"ListItem","position":2,"name":"Shop","item":"https://fotino.cz/sk/obchod/"},{"@type":"ListItem","position":3,"name":"Nástenné fotokalendáre"}]},{"@type":"WebSite","@id":"https://fotino.cz/sk/#website","url":"https://fotino.cz/sk/","name":"Fotino","description":"Fotoknihy - Fotoobrazy - Fotokalendáře","publisher":{"@id":"https://fotino.cz/sk/#organization"},"potentialAction":[{"@type":"SearchAction","target":{"@type":"EntryPoint","urlTemplate":"https://fotino.cz/sk/?s={search_term_string}"},"query-input":{"@type":"PropertyValueSpecification","valueRequired":true,"valueName":"search_term_string"}}],"inLanguage":"sk-SK"},{"@type":"Organization","@id":"https://fotino.cz/sk/#organization","name":"Fotino","url":"https://fotino.cz/sk/","logo":{"@type":"ImageObject","inLanguage":"sk-SK","@id":"https://fotino.cz/sk/#/schema/logo/image/","url":"https://fotino.cz/wp-content/uploads/2023/09/Logo-Fotino.webp","contentUrl":"https://fotino.cz/wp-content/uploads/2023/09/Logo-Fotino.webp","width":591,"height":236,"caption":"Fotino"},"image":{"@id":"https://fotino.cz/sk/#/schema/logo/image/"}}]}</script>
<meta property="og:availability" content="out of stock" />
<meta property="product:availability" content="out of stock" />
<meta property="product:condition" content="new" />
<!-- / Yoast SEO plugin. -->

Nástenné fotokalendáre - Fotino

Počet fotiek: min. 13 až neobmedzene Čas vytvorenia: cca 15 minút Začiatok kalendára v ktoromkoľvek mesiaci Rozmery:  mesačný A3 na výšku 32x45cm, mesačný  A3 na šírku 32x45cm Tlač na kvalitný lesklý 170g papier. Biela hrebeňová väzba s háčikom na zavesenie. Dodacia doba: do 7 pracovných dní + 1-2 dni doručenie

Fotoknihy - Fotoobrazy - Fotokalendáře
